t the prime factors of 10186.
2, 11, 463
What are the prime factors of 76210?
2, 5, 7621
List the prime factors of 1886.
2, 23, 41
What are the prime factors of 2324?
2, 7, 83
List the prime factors of 116597.
13, 8969
What are the prime factors of 46188?
2, 3, 1283
List the prime factors of 1492.
2, 373
What are the prime factors of 3620?
2, 5, 181
List the prime factors of 49306.
2, 89, 277
What are the prime factors of 6365?
5, 19, 67
List the prime factors of 5273.
5273
What are the prime factors of 11431?
7, 23, 71
What are the prime factors of 24972?
2, 3, 2081
What are the prime factors of 7560?
2, 3, 5, 7
What are the prime factors of 6308?
2, 19, 83
What are the prime factors of 33121?
11, 3011
List the prime factors of 4740.
2, 3, 5, 79
What are the prime factors of 17116?
2, 11, 389
List the prime factors of 88705.
5, 113, 157
What are the prime factors of 42437?
42437
What are the prime factors of 3996?
2, 3, 37
What are the prime factors of 19365?
3, 5, 1291
List the prime factors of 2351.
2351
List the prime factors of 18789.
3, 6263
List the prime factors of 667.
23, 29
List the prime factors of 3386.
2, 1693
What are the prime factors of 64?
2
What are the prime factors of 60664?
2, 7583
What are the prime factors of 6254?
2, 53, 59
What are the prime factors of 2035?
5, 11, 37
What are the prime factors of 37416?
2, 3, 1559
List the prime factors of 3211.
13, 19
List the prime factors of 91505.
5, 18301
What are the prime factors of 1828?
2, 457
What are the prime factors of 5304?
2, 3, 13, 17
List the prime factors of 26530.
2, 5, 7, 379
List the prime factors of 907.
907
List the prime factors of 2118.
2, 3, 353
List the prime factors of 794.
2, 397
List the prime factors of 1219.
23, 53
List the prime factors of 41340.
2, 3, 5, 13, 53
What are the prime factors of 1525?
5, 61
What are the prime factors of 19?
19
List the prime factors of 24708.
2, 3, 29, 71
List the prime factors of 515.
5, 103
What are the prime factors of 19154?
2, 61, 157
List the prime factors of 1050.
2, 3, 5, 7
What are the prime factors of 30640?
2, 5, 383
What are the prime factors of 13233?
3, 11, 401
List the prime factors of 803.
11, 73
List the prime factors of 67269.
3, 17, 1319
What are the prime factors of 15023?
83, 181
What are the prime factors of 1108?
2, 277
What are the prime factors of 128681?
7, 31, 593
List the prime factors of 1746.
2, 3, 97
What are the prime factors of 1557?
3, 173
What are the prime factors of 38314?
2, 19157
What are the prime factors of 869?
11, 79
What are the prime factors of 19207?
19207
List the prime factors of 14995.
5, 2999
List the prime factors of 77494.
2, 38747
What are the prime factors of 14689?
37, 397
What are the prime factors of 22782?
2, 3, 3797
What are the prime factors of 10031?
7, 1433
What are the prime factors of 12351?
3, 23, 179
What are the prime factors of 7954?
2, 41, 97
List the prime factors of 2532.
2, 3, 211
What are the prime factors of 28756?
2, 7, 13, 79
What are the prime factors of 7467?
3, 19, 131
What are the prime factors of 105834?
2, 3, 31, 569
List the prime factors of 94000.
2, 5, 47
What are the prime factors of 6726?
2, 3, 19, 59
List the prime factors of 2311.
2311
What are the prime factors of 25144?
2, 7, 449
List the prime factors of 1147.
31, 37
List the prime factors of 6600.
2, 3, 5, 11
What are the prime factors of 45204?
2, 3, 3767
List the prime factors of 62064.
2, 3, 431
List the prime factors of 73724.
2, 7, 2633
List the prime factors of 16051.
7, 2293
List the prime factors of 183.
3, 61
What are the prime factors of 124324?
2, 31081
List the prime factors of 52030.
2, 5, 11, 43
List the prime factors of 8603.
7, 1229
What are the prime factors of 14764?
2, 3691
List the prime factors of 13553.
13553
What are the prime factors of 20577?
3, 19
List the prime factors of 14447.
14447
What are the prime factors of 11529?
3, 7, 61
List the prime factors of 6254.
2, 53, 59
What are the prime factors of 48?
2, 3
List the prime factors of 876.
2, 3, 73
List the prime factors of 598.
2, 13, 23
What are the prime factors of 7519?
73, 103
What are the prime factors of 24420?
2, 3, 5, 11, 37
List the prime factors of 113889.
3, 37963
List the prime factors of 1745.
5, 349
What are the prime factors of 697?
17, 41
List the prime factors of 2714.
2, 23, 59
List the prime factors of 14959.
7, 2137
List the prime factors of 2643.
3, 881
List the prime factors of 2610.
2, 3, 5, 29
List the prime factors of 5683.
5683
List the prime factors of 12604.
2, 23, 137
List the prime factors of 27389.
61, 449
What are the prime factors of 47564?
2, 11, 23, 47
List the prime factors of 704.
2, 11
List the prime factors of 12464.
2, 19, 41
List the prime factors of 22900.
2, 5, 229
List the prime factors of 398.
2, 199
List the prime factors of 24961.
109, 229
What are the prime factors of 36611?
31, 1181
List the prime factors of 1053.
3, 13
What are the prime factors of 91706?
2, 45853
What are the prime factors of 14597?
11, 1327
What are the prime factors of 6?
2, 3
List the prime factors of 5154.
2, 3, 859
What are the prime factors of 2254?
2, 7, 23
List the prime factors of 1453.
1453
List the prime factors of 2040.
2, 3, 5, 17
List the prime factors of 293.
293
List the prime factors of 7498.
2, 23, 163
What are the prime factors of 26549?
139, 191
What are the prime factors of 1212?
2, 3, 101
What are the prime factors of 2575?
5, 103
What are the prime factors of 6112?
2, 191
List the prime factors of 1274.
2, 7, 13
List the prime factors of 2656.
2, 83
List the prime factors of 4769.
19, 251
What are the prime factors of 11465?
5, 2293
List the prime factors of 47359.
13, 3643
List the prime factors of 5457.
3, 17, 107
List the prime factors of 18628.
2, 4657
List the prime factors of 51946.
2, 19, 1367
List the prime factors of 4760.
2, 5, 7, 17
List the prime factors of 10837.
10837
What are the prime factors of 683?
683
What are the prime factors of 1316?
2, 7, 47
List the prime factors of 8965.
5, 11, 163
List the prime factors of 13228.
2, 3307
What are the prime factors of 15009?
3, 5003
What are the prime factors of 6677?
11, 607
What are the prime factors of 2283?
3, 761
List the prime factors of 5979.
3, 1993
What are the prime factors of 313?
313
List the prime factors of 25664.
2, 401
What are the prime factors of 8106?
2, 3, 7, 193
List the prime factors of 77752.
2, 9719
What are the prime factors of 116432?
2, 19, 383
What are the prime factors of 14682?
2, 3, 2447
What are the prime factors of 1957?
19, 103
What are the prime factors of 17084?
2, 4271
What are the prime factors of 39396?
2, 3, 7, 67
What are the prime factors of 8330?
2, 5, 7, 17
What are the prime factors of 3827?
43, 89
What are the prime factors of 23713?
23, 1031
List the prime factors of 263.
263
What are the prime factors of 11319?
3, 7, 11
List the prime factors of 5208.
2, 3, 7, 31
What are the prime factors of 4065?
3, 5, 271
What are the prime factors of 733?
733
What are the prime factors of 4784?
2, 13, 23
List the prime factors of 3463.
3463
List the prime factors of 200.
2, 5
List the prime factors of 748.
2, 11, 17
What are the prime factors of 4020?
2, 3, 5, 67
What are the prime factors of 43538?
2, 11, 1979
What are the prime factors of 25106?
2, 12553
List the prime factors of 37090.
2, 5, 3709
What are the prime factors of 89?
89
What are the prime factors of 1265?
5, 11, 23
List the prime factors of 230.
2, 5, 23
List the prime factors of 21357.
3, 7, 113
List the prime factors of 4574.
2, 2287
List the prime factors of 26567.
31, 857
What are the prime factors of 39104?
2, 13, 47
What are the prime factors of 2037?
3, 7, 97
List the prime factors of 8935.
5, 1787
What are the prime factors of 3749?
23, 163
List the prime factors of 2505.
3, 5, 167
What are the prime factors of 369?
3, 41
What are the prime factors of 1547?
7, 13, 17
List the prime factors of 819.
3, 7, 13
List the prime factors of 13149.
3, 487
What are the prime factors of 24614?
2, 31, 397
List the prime factors of 1481.
1481
What are the prime factors of 3271?
3271
What are the prime factors of 20532?
2, 3, 29, 59
List the prime factors of 891.
3, 11
List the prime factors of 6984.
2, 3, 9